 - (-20)/150?
3, 5
Let t(q) be the third derivative of 0*q**4 - 2/15*q**5 - 2/3*q**3 + 0 + 1/120*q**6 + 22*q**2 + 0*q. What are the prime factors of t(9)?
7, 11
Suppose -12*q + 3*q + 18 = 0. Let h be (-2 - q)*(50*-10)/(-5). Let p = h - -666. List the prime factors of p.
2, 7, 19
Let l(r) = -r**3 - 4*r**2 + 4*r - 7. Let g be (-2)/4 - (-18)/(-4). Let i be l(g). What are the prime factors of (-62)/93 - (-154)/(-3)*i?
2, 3, 17
Let m(a) = 265*a - 705. What are the prime factors of m(16)?
5, 7, 101
Let y(w) = 2*w - 3*w - 12*w - 19. Let b be y(-19). Suppose -c + b = 2*c. What are the prime factors of c?
2, 19
Let q(i) = 109*i**2 + 551*i + 71. What are the prime factors of q(21)?
29, 71
Let n = -171 + 71. List the prime factors of ((-62)/5)/((-290)/n + -3).
2, 31
List the prime factors of (12646/(-14))/(23/(-161)).
6323
Let x = -112 + 75. Let j be (x + -1)/(0 + (-3 - -2)). Let b = j - 22. What are the prime factors of b?
2
Let u(d) = -2*d**3 - 5*d**2 - 10*d - 4. Let w be u(-1). What are the prime factors of (w - 6)/((-96)/21568)?
2, 337
Let t(k) = 18*k**2 + 3*k + 3. Let l(d) = d**2 + 13*d + 19. Let q be l(-11). Let z be (8/20)/(6/10)*q. List the prime factors of t(z).
3, 23
Let h(o) = -8*o**3 - 4*o**2 - o + 4. Suppose 3*m - 4*n = -0*m - 26, 0 = -3*m + 2*n - 16. Let r be h(m). Let s = r - -26. List the prime factors of s.
2, 5
Suppose -3*a = a - 3124. Suppose 2*q + d = a, -1597 = -4*q - 2*d + 7*d. Suppose 5*s + q = 2*w, 5 = 2*s - 3*s. List the prime factors of w.
2, 23
Suppose 8*k = 3*k - 70. Let w be k/4*-5*10/25. Suppose 2*c = w*c + 2*f - 280, -3*c + 2*f = -168. What are the prime factors of c?
2, 7
Let x be (-3)/12 + (-11)/4. Let j(n) be the third derivative of n**5/6 + n**4/24 + n**3/3 - n**2 + 1. What are the prime factors of j(x)?
89
Suppose 19 = -2*w - 19. Let a(s) = 12*s + 17. Let k(i) = -14*i - 14. Let u(m) = -3*a(m) - 2*k(m). What are the prime factors of u(w)?
3, 43
Let y = 40979 + 14635. What are the prime factors of y?
2, 3, 13, 23, 31
Let z(k) = 5*k**2 - 50*k + 298. List the prime factors of z(41).
6653
Let s be (-8 - 2)*20*30/125. Let k = -33 - s. What are the prime factors of k?
3, 5
Let q(y) = 8*y + 85. Let b be (-2)/(95/(-20) - -5). List the prime factors of q(b).
3, 7
Let j be ((-30)/(-9))/((-96186)/96192 - -1). Suppose 0*k = -32*k + j. List the prime factors of k.
2, 5, 167
Let g(k) = -7 + 2*k - 32 + 82 - 12. Let s be g(-13). Suppose s*h = -4*f + 249, 2*f + 2*h + 242 = 6*f. What are the prime factors of f?
61
Let m = 224 + -525. Let x = m - -1221. List the prime factors of x.
2, 5, 23
Let m(y) = 9*y**2 + 3*y + 20. Let s be m(-9). Suppose -351 = -29*a + s. What are the prime factors of a?
37
Let u = 2476 - 1768. Let d be ((-5)/(20/u))/(-1). Let w = d + -120. What are the prime factors of w?
3, 19
Let p(f) = 16*f**2 - 19*f - 32. List the prime factors of p(-18).
2, 41, 67
Suppose 2*r + 8 = 3*g, 4*r - 2 = -5*g + 4. Let p be -2 - 1/(-2) - r/(-2). What are the prime factors of (8/6)/p + 6228/27?
2, 5, 23
Suppose 0 = -76*r + 78*r - 24. List the prime factors of 64/r*225/2.
2, 3, 5
Let n(d) = 4*d**3 - 5*d**2 + 4*d - 50. Let t be n(6). Suppose 2*y - 4*r = t, -3*r = 5*y - 7*r - 1669. List the prime factors of y.
337
Suppose -723 = 2*d - 3*b, -10*b + 15*b = -4*d - 1457. Let s = 953 + d. What are the prime factors of s?
2, 5, 59
Suppose 7*f - 2*f = -m - 22, -2*f - 13 = -m. Suppose -2*d = m*h - 876, -h - 1185 = -5*h + 3*d. What are the prime factors of h?
2, 3, 7
Let t(x) = x**2 + 11*x + 36. Let g be t(-4). Suppose 4*p - g*p = 3*b - 721, 0 = -3*b + 5*p + 766. What are the prime factors of b?
13, 19
Suppose -18 = -19*h + 77. Let i be (-1359)/(-15) - ((-7)/h + 1). Let z = -88 + i. What are the prime factors of z?
3
Let v(t) = -t**2 + t - 68. Let l be 3/6 + 1/(-2). Let m be v(l). Let s = 85 + m. List the prime factors of s.
17
Let l be 9*495/121 - (-8)/44. Let h be (-7)/(-2)*6/3. Suppose h*r - l = 54. What are the prime factors of r?
13
List the prime factors of (51800/15 + 2)/((-8)/(-24)).
2, 71, 73
Let l = -41 + 27. Let d = l - -45. Let g = d + 105. List the prime factors of g.
2, 17
Let f(r) = -2*r + 5. Let x be 1 - (0 + 1/5)*5. Suppose 3*j + 14 = -x*u - 2*u, -2*j + 3*u - 18 = 0. What are the prime factors of f(j)?
17
Let v be (-1128)/(-21) + 0 - 2/(-7). Let t be v/(-15) - 8/20. List the prime factors of (585/(-20) - 0)*t.
3, 13
Suppose -1123*n - 26922 = -1129*n. What are the prime factors of n?
7, 641
Let m(l) = 2*l**2 + 4*l - 1 - 261*l**3 + 2 - 7*l + 5*l. Let k be m(-1). Let n = k + -177. List the prime factors of n.
5, 17
Suppose 5*x - 50*u + 55*u = 36705, 2*x - 14688 = u. List the prime factors of x.
7, 1049
Let b(q) = -q - 1. Let k(t) = -5*t + 2. Let s(m) = -b(m) + k(m). Let c be s(0). Suppose -c*z + 828 = 6*z. List the prime factors of z.
2, 23
Let n be 32426/7 - (-5 - (-111)/21). Suppose -5*u + n - 1352 = 0. Suppose u = b + 3*b + 2*m, 3*b + 2*m = 492. List the prime factors of b.
2, 41
Let g(n) = 2*n - 6. Let c be g(0). Let b be c + 12 - (3 - 0). Suppose k - 40 = -b*k. What are the prime factors of k?
2, 5
List the prime factors of ((543/2)/3)/(-25 - (-7208)/288).
2, 3, 181
Suppose 4*x = 2*k + 4157 + 1391, -2*x + 5*k = -2790. List the prime factors of x.
5, 277
Let o = 175 - 186. Let j(x) = -25*x - 25. List the prime factors of j(o).
2, 5
Let u(r) = 116*r + 2. Let k be u(2). Let x = 123 + -99. Let q = k - x. List the prime factors of q.
2, 3, 5, 7
Let g = 8449 + -3851. Suppose -18*k = -7*k - g. What are the prime factors of k?
2, 11, 19
Let s(u) be the first derivative of -8*u**2 + 39*u + 29. Let g(h) = -17*h + 40. Let p(r) = -5*g(r) + 4*s(r). What are the prime factors of p(6)?
2, 41
Let k(t) = -9*t - 66. Let n be k(-8). Suppose -w = -2*l + n*l - 66, -372 = -5*w + l. What are the prime factors of w?
2, 37
Let l = 32577 - 22180. What are the prime factors of l?
37, 281
Suppose -4*w + 284 = -1020. Let m = -65 - -47. What are the prime factors of m/(-36) - w/(-4)?
2, 41
Suppose 72*p - 30 = 78*p. What are the prime factors of (32/p)/8*-720?
2, 3
List the prime factors of (-1847710)/(-38) + (-820)/(-15580).
2, 3, 1013
Suppose 204*x - 33626 = 170*x. List the prime factors of x.
23, 43
Suppose 24*m + 220169 - 1280753 = 0. List the prime factors of m.
7, 59, 107
Suppose 7*k - 8*k - 75722 = -4*p, 5*p = k + 94653. List the prime factors of p.
11, 1721
Suppose 4*l = r - 59, r + 0*r - 56 = 5*l. Let m = 76 - r. Suppose m*w - 143 = 5*y - 6*y, 5*w = -4*y + 602. What are the prime factors of y?
3, 17
Suppose -n = 2*n + z - 9, 0 = 5*n - 3*z - 29. Suppose 3*y = -0*y + 2*k + 86, -k - 123 = -n*y. Suppose 4*b - 3*b - y = 0. List the prime factors of b.
2
Let u(h) = h**3 - 9*h**2 + 13*h - 5. Let l be u(7). Let f be 1/(4/l) - -15. Suppose -v - f + 18 = 0. What are the prime factors of v?
2, 3
Let i(d) = -501*d**3 + 7*d**2 + d + 6. Let z be i(-3). Suppose 31*c = 54*c - z. What are the prime factors of c?
3, 197
Suppose -3*u = -a + 621, 0 = -0*u + 2*u - 2. Suppose 12*p - 10*p - 260 = -4*w, -5*p + 3*w + a = 0. What are the prime factors of p?
2, 3, 7
Let p(u) = 57 - 29*u + 40*u + 7*u**2 - 5*u**2. What are the prime factors of p(14)?
3, 67
Let k = -131 + 136. Suppose -570 = -4*r + u, k*r - 716 = -5*u + 8*u. Let l = r + -23. List the prime factors of l.
7, 17
Let l be 274/(-5)*(-5 - 0). Let p = 1060 - 1058. Suppose 3*c = -3*x + l - 1, -c - p*x + 94 = 0. List the prime factors of c.
2, 11
Let m = -74 - -101. Let y be ((-2610)/m)/(4/(-6)). Suppose 2*t = 5*q - 855, -4*t = q - 4 - y. List the prime factors of q.
13
Suppose 310*h + 710537 = 369*h. List the prime factors of h.
12043
Let w(y) = -6*y + 31. Suppose -4*p - 4*r - 16 = 12, -2*p = -2*r + 14. Let o be (1/(-3))/(p/(-399)). List the prime factors of w(o).
5, 29
Suppose -5*x = -2*a + 73767, -8*a + x - 294921 = -16*a. What are the prime factors of a?
2, 18433
Suppose 97 = 7*m + 398. Let t = 149 + m. Suppose 0 = 102*f - t*f + 764. What are the prime factors of f?
191
Let d = 17046 + -10840. List the prime factors of d.
2, 29, 107
Suppose -4*j + 3*k + 50 = 6, -4*k = 3*j - 33. Let o = 19 - 0. Let i = j + o. What are the prime factors of i?
2, 3, 5
Suppose -3*f + 17 = 11. Suppose a - 2*t - 456 = 0, -f*a - 16*t + 12*t = -896. List the prime factors of a.
2, 113
Let t(r) be the second derivative of 23*r**3/6 - 8*r**